(x) = -x**3 - 13*x**2 - 31*x + 50. Give t(-9).
5
Let t(k) = k**3 + 15*k**2 - 28*k + 213. Calculate t(-17).
111
Let j(g) = 90*g + 20475. What is j(-227)?
45
Let k(r) = -161*r - 2143. Determine k(-13).
-50
Let x(n) = 128*n - 1276. Give x(10).
4
Let w(f) = -30*f + 303. Calculate w(7).
93
Let l(x) = 392*x - 2536. Determine l(5).
-576
Let o(u) = -u**3 - 6*u**2 - 90*u - 2855. Determine o(-14).
-27
Let h(m) = 12*m + 338. Calculate h(-20).
98
Let q(x) = x**3 - 32*x**2 - 63*x + 2061. Determine q(32).
45
Let t(j) = j**3 - 10*j**2 - 2*j - 34. Calculate t(10).
-54
Let h(c) = 44*c - 4003. Calculate h(86).
-219
Let t(z) = -1542*z - 10757. Determine t(-7).
37
Let k(p) = p**3 - 36*p**2 + 100*p - 58. Calculate k(33).
-25
Let n(g) = 13*g**2 + 447*g - 1256. Calculate n(-37).
2
Let q(b) = 6*b + 64. Calculate q(-9).
10
Let q(p) = p**2 - 71*p + 821. Calculate q(13).
67
Let s(m) = 18*m**2 + 26*m + 25. Give s(-1).
17
Let i(h) = 2*h**3 + 3*h**2 - 32*h - 14. Give i(6).
334
Let x(c) = -15*c - 834. Calculate x(-57).
21
Let g(t) = 2*t**3 + 227*t**2 + 556*t + 73. Determine g(-111).
-38
Let j(p) = 245*p - 2420. Give j(10).
30
Let g(v) = -67*v + 1670. Calculate g(25).
-5
Let u(g) = 3*g + 84. Calculate u(-30).
-6
Let t(g) = -284*g - 28685. Calculate t(-101).
-1
Let w(g) = g**2 + 31*g - 76. Give w(5).
104
Let y(f) = 1937*f + 13560. Determine y(-7).
1
Let h(g) = -g**3 + g**2 + 12*g + 132. Calculate h(0).
132
Let z(n) = -n**3 + 10*n**2 + 12*n - 76. What is z(8)?
148
Let l(w) = -3*w**2 - 19*w + 12. Calculate l(-6).
18
Let x(u) = 162*u + 4379. Give x(-27).
5
Let a(h) = 3*h**3 + 14*h**2 + 198*h + 759. Calculate a(-4).
-1
Let m(t) = 5*t - 87. Give m(19).
8
Let w(d) = 310*d - 81. What is w(3)?
849
Let c(l) = -498*l + 28382. Calculate c(57).
-4
Let l(u) = 43*u + 435. Calculate l(-13).
-124
Let x(j) = 2*j**3 - j**2 + j + 204. Give x(0).
204
Let i(h) = 8*h - 87. Calculate i(0).
-87
Let n(s) = 87*s - 193. What is n(2)?
-19
Let v(y) = 11*y**3 + 35*y**2 - 4*y - 2. What is v(-4)?
-130
Let n(z) = 8*z + 303. Determine n(-41).
-25
Let j(s) = -s**3 + 2*s**2 + 17*s - 18. Determine j(-5).
72
Let z(d) = -68*d - 143. What is z(-4)?
129
Let z(r) = 2*r**2 - 36*r - 17. Calculate z(17).
-51
Let x(j) = -j**3 + 18*j**2 - 64*j - 66. Calculate x(13).
-53
Let b(x) = -17*x - 427. Calculate b(-26).
15
Let f(g) = g**3 + 46*g**2 + 86*g - 137. Give f(-44).
-49
Let y(k) = 2*k**3 - 3*k**2 + 21*k - 165. Determine y(7).
521
Let v(b) = -162*b + 2428. What is v(15)?
-2
Let q(s) = -s**3 - 21*s**2 + 46*s + 16. Give q(-23).
16
Let t(r) = -790*r - 3951. Calculate t(-5).
-1
Let x(g) = -2*g - 39. Determine x(-25).
11
Let j(u) = 3*u**2 - 42*u - 33. Determine j(15).
12
Let m(h) = -h**3 + 21*h**2 - 56*h + 40. Calculate m(18).
4
Let y(v) = 215*v + 817. Give y(-3).
172
Let o(y) = -y**2 - 38*y - 349. What is o(-21)?
8
Let g(z) = 4*z**2 - 21. What is g(4)?
43
Let f(w) = -22*w - 418. Determine f(-10).
-198
Let k(h) = h**3 - 85*h**2 + 1805*h - 33. Give k(44).
11
Let y(b) = b**3 - 27*b**2 + 34*b - 911. Determine y(27).
7
Let p(m) = -898*m + 11671. Determine p(13).
-3
Let p(q) = -q**3 + 8*q**2 - 20*q + 4. What is p(4)?
-12
Let s(m) = 2*m**2 + 4*m + 38. Give s(-5).
68
Let u(y) = -56*y + 4505. Give u(80).
25
Let n(l) = 14*l**2 + 129*l - 129. Calculate n(1).
14
Let y(p) = -3*p**2 + 52*p - 89. Determine y(8).
135
Let i(n) = -12*n**2 - 504*n - 1408. What is i(-39)?
-4
Let k(w) = 28*w + 1952. Give k(-70).
-8
Let t(s) = 4*s**2 - 28*s + 14. What is t(11)?
190
Let c(n) = n**2 + 22*n + 37. Calculate c(-8).
-75
Let m(a) = 5*a**2 + 57*a - 209. Give m(3).
7
Let q(f) = -f**3 - 51*f**2 + 50*f - 148. Calculate q(-52).
-44
Let r(w) = 21*w**2 - 3*w + 5. Calculate r(2).
83
Let s(k) = -122*k - 173. Calculate s(-1).
-51
Let a(x) = -20*x**2 + 124*x - 123. Give a(1).
-19
Let u(j) = -j**3 + 13*j**2 + 724*j + 211. Calculate u(-21).
1
Let c(f) = -93*f - 408. Give c(-5).
57
Let x(j) = j**3 - 28*j**2 + 34*j - 175. Determine x(27).
14
Let i(x) = -2622*x - 23599. Calculate i(-9).
-1
Let a(c) = -c**2 - 1638*c - 8168. Determine a(-5).
-3
Let b(s) = -s**3 - 9*s**2 + 75*s - 13. Calculate b(-13).
-312
Let w(l) = 11*l**3 - 263*l**2 + 25*l - 1186. Give w(24).
-10
Let j(d) = -6*d**3 - 38*d**2 - 40*d - 221. Calculate j(-6).
-53
Let y(s) = 15*s + 27. Calculate y(-1).
12
Let n(m) = 4*m**3 + 26*m**2 - 4*m + 28. Calculate n(-6).
124
Let n(g) = 8*g**2 - 71*g + 61. Calculate n(8).
5
Let r(j) = j**3 - 12*j**2 + 36*j - 1. Give r(5).
4
Let k(a) = -a**3 - 11*a**2 - 33*a - 18. Determine k(-6).
0
Let c(o) = o**2 - 2*o - 1. What is c(-11)?
142
Let j(n) = 90*n - 715. Determine j(5).
-265
Let d(r) = -2*r**3 - 24*r**2 - 19*r + 79. What is d(-11)?
46
Let n(b) = -b**2 - 47*b - 251. Determine n(-6).
-5
Let i(n) = 64*n**2 + 1217*n - 11. What is i(-19)?
-30
Let v(w) = 48*w + 12090. Determine v(-252).
-6
Let v(t) = -t**3 + 33*t**2 + 428*t - 47. What is v(-10)?
-27
Let a(b) = -2*b**2 - 40*b - 12. Determine a(-20).
-12
Let l(p) = -6*p + 132. Calculate l(27).
-30
Let f(d) = 51*d - 331. Give f(4).
-127
Let p(v) = 2340*v - 7014. Calculate p(3).
6
Let t(g) = g**3 + 19*g**2 - 40*g - 55. Calculate t(-21).
-97
Let x(d) = -d**3 + 2*d**2 - 3*d - 2. Calculate x(2).
-8
Let x(b) = -b**3 + 2*b**2 + 6*b - 7. What is x(1)?
0
Let w(y) = -24*y**2 + 461*y + 20. Give w(19).
115
Let u(i) = -i**3 - 91*i**2 + 377*i - 280. Give u(-95).
5
Let d(y) = -2*y**3 - 9*y**2 - 11*y + 10. Determine d(-3).
16
Let b(a) = a**3 - 422*a**2 + 3727*a - 4135. Give b(413).
-5
Let y(q) = 118*q - 854. Give y(7).
-28
Let p(j) = -315*j - 532. Give p(-2).
98
Let v(j) = 144*j - 717. What is v(5)?
3
Let q(v) = v**2 + 36*v + 331. Calculate q(-12).
43
Let z(h) = -6*h**3 - 6*h**2 - 7*h - 15. What is z(-4)?
301
Let r(j) = j**3 - 250*j**2 + 3964*j - 690. Give r(233).
9
Let i(w) = -w**2 + 61*w - 248. What is i(4)?
-20
Let i(o) = 2*o**3 - 25*o**2 + 34*o - 14. Calculate i(11).
-3
Let v(j) = -94*j + 1338. Determine v(15).
-72
Let d(l) = -l**3 - 6*l**2 + l + 48. Give d(-8).
168
Let i(b) = b**3 + 3*b**2 - 29*b + 28. Calculate i(-7).
35
Let z(j) = 1882*j - 5. What is z(0)?
-5
Let a(y) = -8*y**2 + 327*y + 32. Calculate a(41).
-9
Let u(g) = -18*g + 152. Calculate u(-7).
278
Let v(q) = 2*q**3 + 218*q**2 + 8*q + 882. Give v(-109).
10
Let n(g) = 8*g**3 - g**2 - 16*g + 17. Determine n(1).
8
Let o(t) = t**2 - 14*t + 16. Calculate o(7).
-33
Let a(d) = -2*d**2 - 13*d + 432. Give a(22).
-822
Let v(n) = -n**2 + 4*n - 38. Determine v(7).
-59
Let o(m) = m**3 + 62*m**2 + 946*m + 36. Give o(-27).
9
Let w(a) = 254*a + 137. Calculate w(4).
1153
Let m(b) = -2*b**3 + 28*b**2 - 58*b + 135. Calculate m(12).
15
Let l(w) = -129*w + 4430. Calculate l(33).
173
Let i(j) = -56*j + 778. Determine i(14).
-6
Let m(u) = -u**2 + 37*u + 314. Give m(-7).
6
Let s(z) = 12*z - 16. Determine s(26).
296
Let l(v) = -463*v - 1864. Give l(-4).
-12
Let l(p) = -23*p + 700. What is l(31)?
-13
Let w(g) = -g**2 - 40*g + 2192. Calculate w(-71).
-9
Let z(j) = -51*j**2 - 448*j + 74. What is z(-9)?
-25
Let d(c) = 3812*c + 87675. Give d(-23).
-1
Let v(g) = 3*g**2 - 387*g + 32. Determine v(129).
32
Let w(s) = s**2 + 61*s - 54064. Calculate w(204).
-4
Let s(a) = a**2 - 30*a - 91. Calculate s(-5).
84
Let l(z) = -8*z + 144. Calculate l(26).
-64
Let b(c) = -c**3 - 30*c**2 - 27*c - 38. Calculate b(-29).
-96
Let t(n) = 292*n - 12562. Give t(43).
-6
Let l(b) = 2*b**2 - 1206*b + 10652. What is l(9)?
-40
Let v(t) = 19*t**3 + 173*t**2 + 8*t + 42. Give v(-9).
132
Let h(p) = p**3 + 13*p**2 - 3*p + 18. What is h(-13)?
57
Let r(l) = -11*l**2 - 166*l - 486. Determine r(-11).
9
Let u(w) = -353*w + 1774. Give u(5).
9
Let j(k) = 16*k - 254. What is j(16)?
2
Let k(w) = 568*w - 3381. What is k(6)?
27
Let z(p) = -p**3 + 18*p**2 - 75*p + 268. Give z(14).
2
Let b(i) = -57*i - 4279. What is b(-73)?
-118
Let u(x) = -x**3 + 14*x**2 - 55*x + 43. Calculate u(8).
-13
Let o(g) = -4*g**2 + 152*g + 336. What is o(40)?
16
Let k(m) = 50*m + 847. What is k(-17)?
-3
Let t(v) = v**2 + 613*v + 1222. What is t(-2)?
0
Let x(b) = -b + 39. Determine x(42).
-3
Let c(f) = -26*f + 152. Determine c(7).
-30
Let i(n) = n**3 + 31*n**2 + 20*n - 25. What is i(-30)?
275
Let x(y) = -y**2 - 17*y - 32. Give x(-9).
40
Let c(g) = -g**2 + 31*g + 534. What is c(-13)?
-38
Let o(c) = -37*c + 1338. Give o(36).
6
Let s(w) = 3*w**3 + 13*w**2 - 63*w - 3. Give s(5).
38